61, -3*c + 175 = 2*i. Calculate the remainder when i is divided by 28.
27
Let o(r) = 4*r**2 + 2*r + 4. Suppose -4*m + 5 = -7. Suppose -m*s + 0*s = -48. What is the remainder when o(3) is divided by s?
14
Suppose -1 = 2*t + 4*m - 189, 0 = -4*t + 4*m + 352. Calculate the remainder when t is divided by 23.
21
Let r(u) = -u**2 + u. Let m(y) = -3*y**2 + y - 1. Let k(b) = -m(b) + r(b). Calculate the remainder when k(-1) is divided by 3.
0
Let w be (-2 - -3)/((-1)/4). Calculate the remainder when 93 is divided by 18/w*80/(-15).
21
Suppose 0 = 2*j + 4, -j + 164 = 4*a - 3*j. Calculate the remainder when a is divided by 21.
19
Let b = -171 + 177. What is the remainder when ((-7)/2)/((-2)/12) is divided by b?
3
Suppose 2*l - 3 = -9. Let s be 2/6 - (-22)/l. Let p = s - -12. What is the remainder when 8 is divided by p?
3
Suppose -l + 0*l - 2*n + 15 = 0, -4*n = 4*l - 40. Suppose -73 = -l*r + 192. Calculate the remainder when r is divided by 14.
11
Let m(d) = d**3 + d + 59. What is the remainder when m(0) is divided by 12?
11
Let j(w) = 3*w - 9. Suppose 0 = -5*y + 2*f + 122, 5*f - 2*f = -2*y + 45. What is the remainder when y is divided by j(6)?
6
Suppose 0*l - 2*l + 42 = 0. Let o = -69 - -151. Calculate the remainder when o is divided by l.
19
Suppose -26 = -0*v - 2*v. Calculate the remainder when 24 is divided by v.
11
Suppose d = -c - 2*c + 14, -d - 2*c + 19 = 0. What is the remainder when 85 is divided by d?
27
Calculate the remainder when 32 is divided by 3*(29/3 + (-18)/6).
12
Suppose -a + 5 = 3*q, -4*q = 2*a + q - 10. Let r(k) be the second derivative of 3*k**4/4 - k**2/2 - 4*k. Calculate the remainder when r(-1) is divided by a.
3
Let n(z) = -z**3 + 9*z**2 - 6*z + 5. What is the remainder when 58 is divided by n(8)?
16
Calculate the remainder when 100/3 + 44/66 is divided by 9.
7
Calculate the remainder when (-7)/(-3)*51*1 is divided by 30.
29
Let c be (-9)/(-3)*(-156)/(-9). Suppose 5*k - c = 4*k. Calculate the remainder when k is divided by 18.
16
Let l be 2/(-8) - (-14)/(-8). Suppose 48 = 3*g - v, 3*g + 4*v - 63 = -2*g. Calculate the remainder when g is divided by 1 + 2 + l + 7.
7
Suppose 0 = -b - 5*d + 107, 3*b - d - 95 = 2*b. What is the remainder when b is divided by 20?
17
Let d be 2/6 + 38/(-6). Let t = 73 + -36. What is the remainder when t is divided by (-75)/d - (-1)/2?
11
Suppose 5*o + 155 = 4*x, -2*x - 2*x + 2*o + 170 = 0. What is the remainder when x is divided by 16?
13
Suppose -u = -0*n + 5*n - 34, 0 = -4*n - 3*u + 36. Let k = -8 + 25. Calculate the remainder when k is divided by n.
5
Let m(y) = y**3 - 5*y**2 + y - 3. Let n be m(5). Suppose 22 + 0 = n*g - 2*c, -3*c + 15 = g. What is the remainder when (-3 + 1)*(-4 - 13) is divided by g?
10
Let a(g) = g**3 + 3*g**2 - 2*g + 1. Suppose -22 = -4*q + 86. What is the remainder when q is divided by a(-3)?
6
Let g = 7 - -1. Let z(l) = -3*l**3 - l**2 - l - 1. What is the remainder when z(-2) is divided by g?
5
Suppose -37*x = -33*x - 48. What is the remainder when 21 is divided by x?
9
Suppose -j = 2*j + 45. Let s be (-3)/((-3)/j*-3). Suppose 8 = 3*p + 4*w, -s*p - 4*w + w + 17 = 0. Calculate the remainder when 6 is divided by p.
2
Suppose 3*w + 4 - 6 = -5*a, 13 = 2*w + a. Let m(h) = h + 7. Let d be m(-5). Suppose 3*o - 80 = -d*o. Calculate the remainder when o is divided by w.
7
Suppose 3*c = -9, -32 = 3*l - 4*l + 5*c. Let j = 65 - 15. What is the remainder when j is divided by l?
16
Let b(f) be the third derivative of -f**5/60 - f**4/2 + 4*f**3/3 - 5*f**2. Let q(d) = d - 11. Let o be q(0). Calculate the remainder when b(o) is divided by 10.
9
Let d be -2*((-30)/(-3))/(-2). Suppose 2*v + 2*v = 48. What is the remainder when v is divided by d/(-3)*(-6)/4?
2
Suppose -82 = -4*a - n - 4*n, 4*n - 98 = -5*a. Calculate the remainder when 88 is divided by a.
16
Suppose 0 = -5*y + 3*y - 2, 0 = -2*o - 2*y + 8. Suppose 0 = -10*r + o*r + 80. Let i = -2 + 48. What is the remainder when i is divided by r?
14
Calculate the remainder when (126/27)/(4/30) is divided by 6.
5
Suppose -2*g - 3*z = -4*g - 52, -5*z + 10 = 0. Let s = 47 + g. What is the remainder when s is divided by 13?
11
Suppose 6*b = 4*t + b - 10, -5*b - 5 = -3*t. Let j(r) = -r**2 + 8. Suppose 0 = 2*c - 4*c. What is the remainder when j(c) is divided by t?
3
Let h(b) = -5*b - 6. Let n be h(-6). Suppose -6*m = -2*m - n. What is the remainder when 11 is divided by m?
5
Suppose 2 = 2*z - 2*p, 3*z + 3*p - 9 + 0 = 0. What is the remainder when 6 is divided by z?
0
Let y = 18 - 117. Let s = 180 + y. What is the remainder when s is divided by 28?
25
Suppose -182 = -4*o - 34. Let v = 6 - 2. Suppose -v*q = 3*z - 56 + 3, -3*z - 5*q + 52 = 0. Calculate the remainder when o is divided by z.
18
Suppose 4*z - 5*o - 19 = 94, 12 = 4*o. Suppose 2*x - z = x. Calculate the remainder when x is divided by 11.
10
Suppose 4*q + 26 = -4*d + 5*d, -3*d = 4*q - 14. Let x = 27 - d. What is the remainder when 50 is divided by x?
16
Suppose 2*u + n - 50 = 0, -n - 2*n = -3*u + 84. What is the remainder when 102 is divided by u?
24
Suppose -4*c - 3*k - 6 = -3, -5*c = -2*k - 25. Let n(a) = a - 7. Let x be n(5). What is the remainder when c is divided by 2 - 2 - x/1?
1
Suppose -m = m - 16. Let z = m - 6. Calculate the remainder when 1/(-2 + (-18)/(-8)) is divided by z.
0
Let b be (-1 + 13/3)*-3. Let t = b - -29. Let d = -4 + t. What is the remainder when 29 is divided by d?
14
Let s be 1 - (-2)/(-1 - 1). Suppose s = -3*t + 5*t - 48. What is the remainder when 46 is divided by t?
22
Let a = 10 - -49. Calculate the remainder when a is divided by 7.
3
Let o(l) = -l**2 + 7*l - 7. Let p be o(5). Suppose p*u = -9, 0*c + 65 = 4*c + 5*u. Calculate the remainder when 57 is divided by c.
17
Let x be 2/8 + 206/8. Suppose -x = 3*f - 149. Calculate the remainder when f is divided by 14.
13
Suppose 2*v = -0*v - 62. Let f = v + 64. Let k(z) = -10*z**3 + z. Calculate the remainder when f is divided by k(-1).
6
Suppose -6*l = -2*l + 8. Let d be 61/l*(3 - 1). Let s = -24 - d. What is the remainder when s is divided by 13?
11
Let q = 52 + -36. Let w(v) = -13*v - 5. Let p(f) = -3*f - 1. Let h be p(1). Calculate the remainder when w(h) is divided by q.
15
Suppose -4*b + 55 = -265. Calculate the remainder when b is divided by 27.
26
Suppose -2*r - 2*r = 12. Let o = r + 6. What is the remainder when 8 is divided by o?
2
Suppose 2 + 20 = 2*u. What is the remainder when 657/21 + 4/(-14) is divided by u?
9
Suppose -d - 4*j - j - 7 = 0, 36 = -2*d + j. Let g = 4 - d. What is the remainder when (-543)/(-9) + 4/6 is divided by g?
19
Suppose j - w - 4 = 4, 3*j = -5*w + 64. Calculate the remainder when ((-1)/2)/((-8)/592) is divided by j.
11
Suppose 4*p = 13 - 5. Suppose 2 + 2 = 4*x - p*d, -3*x = 2*d - 3. Calculate the remainder when x is divided by 1.
0
Suppose 25*h - 24*h = 122. Calculate the remainder when h is divided by 25.
22
What is the remainder when 7/(28/72)*1 is divided by 5?
3
Let a = -7 + 15. Let y be 48/4*a/6. Let w = 28 - y. What is the remainder when w is divided by 7?
5
Let h(l) = -l + 10. Suppose -104 = -2*n - 26. Calculate the remainder when n is divided by h(0).
9
Let y(c) = -c**2 + 9*c + 9. Let b be y(10). What is the remainder when 18 is divided by b - (-2 - -20)/(-3)?
3
Let w be 0 - (-1)/(3/(-18)). Let x(b) = -b**3 - 5*b**2 + 4*b - 8. Calculate the remainder when 11 is divided by x(w).
3
Suppose -4*l = 6 + 6. Let n(u) = 7*u**2 + 3*u + 3. Calculate the remainder when n(l) is divided by 20.
17
Let p be 0/(0 - 3)*-1. Suppose -i + p = -5. Calculate the remainder when 18 is divided by i.
3
Let z(d) be the third derivative of d**5/60 + d**3/2 - 4*d**2. What is the remainder when z(4) is divided by 5?
4
Let a be ((-4)/(-10))/((-1)/(-30)). What is the remainder when a + 1 + -1 + 2 is divided by 5?
4
Let u(a) = -3*a - 6. Suppose -o - 2*o - 55 = -k, 3*k = o + 13. Let l = o - -23. What is the remainder when u(-5) is divided by l?
1
Suppose -4 = -i + 16. Suppose m = -m + i. What is the remainder when 25 is divided by m?
5
Suppose -5*i + 5*k + 135 = -i, 2*k - 114 = -4*i. What is the remainder when ((-18)/i)/((-1)/105) is divided by 16?
15
Let v(k) = 2*k - 3. Let p = 11 + -4. Suppose -p*t = -6*t - 19. Calculate the remainder when t is divided by v(5).
5
Let d(u) = 19*u**3 - 2*u**2 + 1. Let x(g) =